 + v + 9. What is u(z)?
7
Let v(y) = -14*y**3 + y**2 + 20*y + 1. Let b(r) = 5*r**3 - 7*r. Let x(l) = -11*b(l) - 4*v(l). Determine x(4).
-16
Let c(f) = -20*f**2 - f. Let g(h) = -h**2 + 2*h + 7. Let n be g(-2). Determine c(n).
-19
Let d(c) = -5*c - 4. Let g(f) = f. Let n(b) = d(b) + 6*g(b). Let u be n(0). Let o(v) = 1. Let z(s) = s**2 + 4*s + 3. Let l(a) = 6*o(a) - z(a). Give l(u).
3
Let a(r) be the third derivative of -r**4/12 - r**3/6 + 10*r**2 + 1. What is a(-3)?
5
Let h(a) = a**3 - 7*a**2 + 1. Let l be h(7). Let f(r) = r**3 - 2*r**2. Give f(l).
-1
Let x = 0 + 3. Let l(f) = f**2 - 3*f + 4. Let n be l(x). Let h(j) = 4051 + j - 4051. Give h(n).
4
Let l(t) = 0 + 1 + 3*t + 3. Suppose 4*r - 5*x - 21 = 0, 0*r = -2*r - 2*x + 6. Determine l(r).
16
Let q(w) = w**3 - 10*w**2 + 9*w. Let n be q(9). Let a(z) = -z**3 - z**2 - 10. What is a(n)?
-10
Suppose a = -3*a + 16. Let m = a - 1. Let z(p) = -p - 2. Determine z(m).
-5
Let j be 2/3*-2*90/24. Let b(r) = -r. Calculate b(j).
5
Let a(o) = -3*o**3 + o - 1. Let k be a(1). Let n(x) = -x - 1. Let b(s) = s. Let j(u) = 5*b(u) + 6*n(u). Give j(k).
-3
Let a(t) = -3*t**2 - 12*t - 11. Let b(c) = -c**2 - 6*c - 5. Let f(w) = -2*a(w) + 5*b(w). What is f(5)?
-8
Let l(i) = -i - 1. Let j be l(-7). Let z be (2/3)/(4/j). Let m(v) = -6*v + 1. What is m(z)?
-5
Let m(v) be the second derivative of v**3/6 + 7*v**2/2 + 16*v. Determine m(5).
12
Let f(z) = z**2 + 7*z - 4. Let d be f(-7). Let g(w) = w**2 + 2*w - 6. Let j(m) = -m**2 - 3*m + 5. Let o(h) = 2*g(h) + 3*j(h). Determine o(d).
7
Let g(f) = -f**2 - 3*f + 8. Let x(l) = -2*l**2 - 5*l + 15. Let w(a) = 7*g(a) - 4*x(a). Let p(h) = h**2 - 4*h + 3. Let v = 5 + -2. Let k be p(v). Calculate w(k).
-4
Let u be 5 + -3 - (-1 - 3). Let p be u + -2*(-3 + 5). Let b(k) = -k + 2. Calculate b(p).
0
Let c(t) = 3*t - 2. Let r(h) = -h**2 - 8*h - 4. Let l be r(-7). What is c(l)?
7
Let z(l) = l**2 + 7*l - 1. Let t(j) = j - 3. Let k be t(-3). What is z(k)?
-7
Let z(u) = -u - 8. Let g be z(-4). Let h(f) = -2*f - 6. Calculate h(g).
2
Let d(p) be the second derivative of 3*p**2 + p**3 + 1/12*p**4 - 5*p + 0. Determine d(-5).
1
Let k(j) = j**3 + 2*j**2 + 2*j + 2*j - 2*j - 3 - 7*j. Suppose -3*s = 15, -3*o + 34 = -s + 5. Let l = -11 + o. Calculate k(l).
3
Let x(p) = 13*p**3 - 5*p**2 - 2. Let v(l) = -13*l**3 + 6*l**2 + 3. Let c(z) = -3*v(z) - 4*x(z). Calculate c(1).
-12
Suppose -u - u = 0. Let k = -5 + u. Let r(c) = 6*c - 1. Let t(w) = -w. Let n(f) = k*t(f) - r(f). Calculate n(3).
-2
Let d(h) = h + 2. Let f be d(0). Let a(x) = x + 4*x + 3 - f*x - 4*x. What is a(5)?
-2
Let l(t) be the third derivative of t**6/24 + t**5/60 - t**3/6 + 22*t**2. What is l(-1)?
-5
Let k = -3 + 6. Let l(a) = 0*a - a - 2*a**k - a**3. Let y = 5 + -4. Give l(y).
-4
Let j(d) = -10*d - 3. Let y(p) = 31*p + 10. Let t(i) = 7*j(i) + 2*y(i). Calculate t(-1).
7
Let l(u) = 9*u + 9. Let b(v) be the first derivative of -4*v**2 - 8*v - 2. Let h(c) = -c - 7. Let n be h(-13). Let y(z) = n*l(z) + 7*b(z). Give y(-2).
2
Let d(b) be the second derivative of 0 + 5/12*b**4 + 1/20*b**5 - b + 2/3*b**3 + 3*b**2. Give d(-4).
6
Let j(k) = -k**2 + 5*k - 1. Suppose -y = 5*y - 30. Calculate j(y).
-1
Let g(w) = 6*w**2 - w - 2. Let p be g(2). Suppose 3*a + u = -22, -a + 2*u = -3*a - p. Let l(q) = q**2 + 7*q + 8. What is l(a)?
2
Let m(a) = a**2 + 3 - 2*a**2 + 1 - 9*a**3 - 3. Determine m(-1).
9
Let j(z) = z. Let y be -2 + (0 + 5 - 2). Suppose 9*d + 15 = 4*d. Let v = y + d. Calculate j(v).
-2
Let g(c) = 4*c + 5. Let j(o) = o + 1. Let r = -8 + 2. Let q(w) = r*g(w) + 26*j(w). Let d = 3 + 2. Calculate q(d).
6
Let x(z) be the second derivative of -1/6*z**3 - 1/2*z**2 + z + 0. Let f be x(-6). Let d(c) = c**2 - 6*c + 2. Determine d(f).
-3
Let o(p) = 25*p**2 - 3*p - 5. Suppose 0 = -3*b + 2*b + 5. Let w(v) = -12*v**2 + v + 2. Let r(d) = b*w(d) + 2*o(d). Give r(-1).
-9
Let j = 9 + -7. Let a(w) = -4*w**2 + 2*w**j - w + 0*w + 7*w**2. Determine a(1).
4
Let i(r) = -13*r**3 + 8*r**2 - 4*r + 7. Let d(o) = -3*o**3 + 2*o**2 - o + 2. Let g be ((-6)/8)/((-2)/(-24)). Let v(h) = g*d(h) + 2*i(h). Determine v(3).
8
Let x(u) = -2*u - 9. Let h(p) = p**3 - 9*p**2 + 9*p - 14. Let s be h(8). What is x(s)?
3
Let t(l) = 8*l**2 + 3*l + 17. Let f(g) = 2*g**2 + g + 4. Let s(v) = 9*f(v) - 2*t(v). Suppose 4*x + 2*r - 2 + 4 = 0, x + 4*r = 17. Determine s(x).
11
Let m be (-1 - 3)*3/3. Let p = 3 + m. Let w(y) = y**3 + y**2 + y - 1. Let r(d) = d**3 + 5*d**2 - d + 2. Let q(s) = p*r(s) + 2*w(s). Give q(3).
5
Let f(a) = a**3 - a**2 - 3*a - 4. Let x(b) = b + 5. Let h be x(-4). Let s = h + -1. Suppose s = 4*g + 4*y + 8, -2*g + g + 5*y = -28. Give f(g).
5
Let w(s) = -11 + s + s**2 + 6 + 3. Suppose 9 = 5*d - 11. Let a be d/(-2) + 4/1. Determine w(a).
4
Let z be 2/3 + 5/15. Let q(d) = -4 + 2 - 3*d + z + 0. What is q(2)?
-7
Let v(u) = -u**3 + 2*u**2 + u. Let i = 6 - 6. Suppose -5*m + 3 + 12 = i. What is v(m)?
-6
Let c be 3*(3*-1 + 2). Let m(y) = -y**3 - 3*y**2 - 8*y - 4. Let h(g) = g - 1 - 1 + 3. Let f(p) = -6*h(p) - m(p). Determine f(c).
-8
Let t(z) = 6*z - 5 + 0*z**2 + z**2 + 0 - 3. Let j = -29 - -23. Determine t(j).
-8
Suppose -4*o = 4*p, 5*o - 25 = -2*p - 10. Let g(i) = -5*i**3 + 10*i**2 - 3*i. Let a(x) = 6*x**3 - 11*x**2 + 3*x + 1. Let b(y) = 6*a(y) + 7*g(y). Calculate b(p).
-4
Let h(r) be the third derivative of -r**5/60 + r**4/8 + 2*r**3/3 - 24*r**2. Give h(3).
4
Let a(m) = -3*m**2 + 3*m + 1. Let q(c) = c**3 - 5*c**2 + 5*c - 3. Let b be q(4). Let j(u) = -1. Let v(i) = b*a(i) + 2*j(i). Let y = 7 - 5. What is v(y)?
-7
Let n(u) = u**3 + 9*u**2 - 3*u - 7. Let q(v) = -v - 2*v**3 + 8*v + 1 + 14 + 0*v**3 - 19*v**2. Let d(i) = 9*n(i) + 4*q(i). Give d(-5).
-8
Let w(x) = 6 + 58*x**2 - 19*x**2 - 23*x**2 - 15*x**2 - 11*x. What is w(9)?
-12
Let r(q) = q**2 - 6*q. Let a = 204 + -199. Give r(a).
-5
Let f(i) = -2*i - 4. Let j(q) = -q**2 + 5*q - 9. Let u be j(4). Determine f(u).
6
Let s(m) = 4*m - 6. Let b(w) = 6*w - 11. Let i(k) = -6*b(k) + 11*s(k). What is i(1)?
8
Let l(n) = n**2 - 8*n - 1. Let o(k) = k + 1. Let j(b) = -l(b) - 2*o(b). Give j(5).
4
Let r(v) be the third derivative of 0 - 1/720*v**6 + 0*v + 1/60*v**5 + 1/12*v**4 - 2*v**2 + 0*v**3. Let u(i) be the second derivative of r(i). Determine u(-2).
4
Let j(m) = 5*m - 1. Let g(k) = -11*k + 2. Let x(z) = -4*g(z) - 9*j(z). Let u = 21 - 22. Let a be -1 + (u - -2) - -4. What is x(a)?
-3
Suppose -q - 3 + 7 = 0. Let h(l) be the second derivative of l**7/2520 - l**5/24 + 7*l**4/12 - 4*l. Let j(k) be the third derivative of h(k). What is j(q)?
11
Let w(p) be the first derivative of -2/3*p**3 + 2*p**2 + p - 2. Give w(3).
-5
Let d(g) be the third derivative of 0 - 1/120*g**6 + 0*g**5 + 1/24*g**4 + 5*g**2 + 0*g - 13/6*g**3. Determine d(0).
-13
Suppose -3*j - 5 + 11 = 0. Suppose 6*a + g = j*a + 4, -4*g - 1 = -a. Let h(q) = 7*q**3 - q - 2 - q**3 - q**2 + 3. Calculate h(a).
5
Let s(p) = -17*p + 2 - 4 + 16*p. Give s(4).
-6
Let t(u) = -9*u - 2. Let i(v) = -17*v - 3. Let o(c) = 4*i(c) - 7*t(c). Determine o(3).
-13
Let i be (-18)/12*8/(-6). Let o(z) = -1 + 7*z - 3*z**i - z**2 - 2*z**2 + z**3 - 2. What is o(5)?
7
Let f(j) = j**3 + 6*j**2 + 5*j - 7. Let x(z) = 3*z**2 + z. Let g be x(1). Suppose -b - b - 4*u - 18 = 0, 0 = -5*b + g*u - 17. Calculate f(b).
-7
Let z be 10/8 + (-1)/4. Let l(x) be the first derivative of 2*x**4 - x - 15. Give l(z).
7
Suppose -5*w = v + 31, 0 = -w + 3*v - 0*v - 19. Let g(d) = -d**2 - 9*d - 1. What is g(w)?
13
Let b(x) = -x - 43 + 74 - 6*x**2 - 30. Suppose -2*r = -0*r - 2. Give b(r).
-6
Let p = -12 + 18. Suppose -g + 1 = 4*v - p, 0 = -5*v - 4*g + 6. Let r(b) = 2*b - v*b + 7 - b**2. Give r(0).
7
Let q(a) = -a**2 + a + 2. Let x be 2 - ((-16)/(-4) + -7). Suppose 5*r - 4 = 2*w, x*r + 0 = 3*w + 6. What is q(r)?
2
Let g(s) = s**3 + s**2 - 4. Let c(q) = -q**3 + 4. Let h(r) = -6*c(r) - 5*g(r). Let k(a) = -a**3 + 19*a**2 - a + 24. Let d be k(19). Determine h(d).
-4
Let b(o) be the first derivative of -1/4*o**4 + 4/3*o**3 - 8 + 5*o + o**2. What is b(5)?
-10
Let f(h) = -h**3 + 3*h**2 + 3*h - 3. Let k be f(3). Suppose 2*a = k + 6. Let u(i) = 5 - a - 2 - i**2 - 2*i. What is u(-3)?
-6
Let m = 1 - -1. Let b be (m + -14)/(-3) - -2. Let q(v) = -v**2 + 7*v - 1. Give q(b).
5
Let w(x) = 32*x + 9. Let s(i) = -21*i - 6. Let c(t) = -8*s(t) - 5*w(t). Give c(-2).
-13
Let p be (3